{"id":565,"date":"2021-06-19T16:26:07","date_gmt":"2021-06-19T14:26:07","guid":{"rendered":"http:\/\/10.0.0.28\/?page_id=565"},"modified":"2021-06-19T16:54:05","modified_gmt":"2021-06-19T14:54:05","slug":"egroupware","status":"publish","type":"page","link":"https:\/\/wiki.atsrl.net\/?page_id=565","title":{"rendered":"Egroupware"},"content":{"rendered":"\n<p>Dal 1999, anno del lancio, un processo di sviluppo che ha coinvolto 68 sviluppatori dagli Stati Uniti, dall\u2019Olanda, dalla Germania e dall\u2019Australia, ha permesso di trasformare eGroupWare in un software collaborativo completo. EGroupWare \u00e8 un progetto open source, sotto licenza GPL, in particolare la <strong>GPL 49 (General Public Licence)<\/strong>. Poich\u00e9 \u00e8 utilizzabile gratuitamente risparmierete le spese legate all&#8217;aggiornamento del software nonch\u00e9 i costi amministrativi, piuttosto onerosi. EGroupWare \u00e8 una piattaforma per il <strong>lavoro di gruppo.<\/strong> Gli utenti hanno a disposizione applicazioni ideali e versatili che operano efficacemente all&#8217;interno di una struttura integrata. eGroupWare pu\u00f2 essere personalizzato, in base ai propri bisogni, sia da sviluppatori interni all\u2019azienda sia dai nostri sviluppatori. Pu\u00f2 inoltre essere integrato in quasi tutti gli ambienti IT ed \u00e8 supportato da tutti i browser al momento esistenti. Non a caso eGroupWare \u00e8 stato scelto da network con oltre 2000 utenti.<\/p>\n\n\n\n<h2 class=\"wp-block-heading\">Applicazioni<\/h2>\n\n\n\n<p>EGroupWare \u00e8 composto da diverse applicazioni:<\/p>\n\n\n\n<p>Rubrica<\/p>\n\n\n\n<ul class=\"wp-block-list\"><li>Posta elettronica;<\/li><li>Agenda;<\/li><li>Attivit\u00e0;<\/li><li>Gestione Progetti;<\/li><li>Gestione notizie;<\/li><li>Gestione delle segnalazioni;<\/li><li>Foglio Ore;<\/li><li>Guacamole (sistema di lavoro a distanza non utilizzato al momento)<\/li><li>RocketChat (sistema di messaggistica)<\/li><\/ul>\n\n\n\n<p>Altre applicazioni sono esterne ma vengono &#8220;orchestrate&#8221; da eGroupWare come:<\/p>\n\n\n\n<ul class=\"wp-block-list\"><li>Wekan<\/li><li>AT-Wiki<\/li><\/ul>\n\n\n\n<p><\/p>\n","protected":false},"excerpt":{"rendered":"<p>Dal 1999, anno del lancio, un processo di sviluppo che ha coinvolto 68 sviluppatori dagli Stati Uniti, dall\u2019Olanda, dalla Germania e dall\u2019Australia, ha permesso di trasformare eGroupWare in un software collaborativo completo. EGroupWare \u00e8 un progetto open source, sotto licenza GPL, in particolare la GPL 49 (General Public Licence). Poich\u00e9 \u00e8 utilizzabile gratuitamente risparmierete le [&hellip;]<\/p>\n","protected":false},"author":1,"featured_media":0,"parent":0,"menu_order":0,"comment_status":"closed","ping_status":"closed","template":"","meta":{"_acf_changed":false,"footnotes":""},"class_list":["post-565","page","type-page","status-publish","hentry"],"acf":[],"_links":{"self":[{"href":"https:\/\/wiki.atsrl.net\/index.php?rest_route=\/wp\/v2\/pages\/565","targetHints":{"allow":["GET"]}}],"collection":[{"href":"https:\/\/wiki.atsrl.net\/index.php?rest_route=\/wp\/v2\/pages"}],"about":[{"href":"https:\/\/wiki.atsrl.net\/index.php?rest_route=\/wp\/v2\/types\/page"}],"author":[{"embeddable":true,"href":"https:\/\/wiki.atsrl.net\/index.php?rest_route=\/wp\/v2\/users\/1"}],"replies":[{"embeddable":true,"href":"https:\/\/wiki.atsrl.net\/index.php?rest_route=%2Fwp%2Fv2%2Fcomments&post=565"}],"version-history":[{"count":3,"href":"https:\/\/wiki.atsrl.net\/index.php?rest_route=\/wp\/v2\/pages\/565\/revisions"}],"predecessor-version":[{"id":581,"href":"https:\/\/wiki.atsrl.net\/index.php?rest_route=\/wp\/v2\/pages\/565\/revisions\/581"}],"wp:attachment":[{"href":"https:\/\/wiki.atsrl.net\/index.php?rest_route=%2Fwp%2Fv2%2Fmedia&parent=565"}],"curies":[{"name":"wp","href":"https:\/\/api.w.org\/{rel}","templated":true}]}}